 - -2) - 43*-1. What is the tens digit of (c/(-25))/(2/(-80))?
6
Suppose -6*m + 5*o = -68, -2*m + 3*o = -3*m - 4. What is the tens digit of -5*13*(m + -9 + 0)?
6
Let b(q) = -8*q**3 + 10*q**2 + 19*q - 21. Let l be b(-8). Suppose 2*y + l = 5*z + 5*y, -16 = 4*y. What is the hundreds digit of z?
9
Let l(o) = 13*o**3 - 3*o**2 + 12*o - 20. Let h be l(2). Suppose -108 = -3*f + h. What is the tens digit of f?
6
Let l = -2390 + 3130. Let c be (-19 - 1)*(-6)/8. What is the tens digit of (-4)/(-6) + l/c + 3?
5
Let z(n) = 2*n**2 + 5*n + 5888. What is the hundreds digit of z(0)?
8
Suppose -5*h - 209 = -3*l - 42, 5*l - 340 = -4*h. Suppose 3*u - 2*f + 152 = 0, -262 = 2*u + 3*u + f. Let n = u + l. What is the units digit of n?
2
Suppose -104*a = 3*s - 100*a - 24461, -2*s - 5*a = -16312. What is the hundreds digit of s?
1
Suppose -3*r - 506 = -506. Suppose -5*c - 4*y + 4750 = r, 3759 = -24*c + 28*c - 5*y. What is the units digit of c?
6
Let h(v) = 64*v - 111. Let j be h(24). Suppose 3*x + j = 5*d - 0*d, 0 = -x. What is the tens digit of d?
8
Let v(j) = -3*j**3 - 26*j**2 + 3*j - 30. What is the units digit of v(-16)?
4
Suppose 5*o + 2*w - 410144 = 0, w - 30 + 38 = 0. What is the ten thousands digit of o?
8
Suppose -55*v = -11382 - 35423. What is the units digit of v?
1
Suppose 3*k = o + 12055, 5*k - 20093 = -3*o + 5*o. Suppose 5*q + 5*l - k = 63, q + 3*l - 814 = 0. What is the units digit of q?
7
Let a(y) = y**2 + 14*y - 57. Let s be a(-13). Let c = s - -173. What is the hundreds digit of c?
1
Let a(w) = -4*w**3 - 2*w**2 + 2*w + 6. Let t be a(-2). Let d = t - 25. What is the units digit of (-471)/(-18) + d/(-6)?
6
Let t = 30 - 30. Suppose 0*w + 7*w - 238 = t. Suppose -33*y + w*y = 74. What is the units digit of y?
4
Suppose -r = -40 + 12. Suppose 3*s + 4*s = r. Suppose -4*v + 256 = s*v. What is the units digit of v?
2
Let x = 275 - 89. Let m = 331 - x. Suppose 0 = -5*j + 475 - m. What is the units digit of j?
6
Let z(k) = 4*k**2 - 3*k - 2226. What is the tens digit of z(52)?
3
What is the hundreds digit of (-2103 + -349)/((-1)/2)?
9
Let z be ((-22)/8 + 1)*-8*3. Suppose u = -5*u - z. Let k(d) = d**2 - 15*d - 50. What is the hundreds digit of k(u)?
1
Let y(x) = x**2 + 6*x + 2. Let c be y(-6). Let l be -1 + -14 + (-2 - (-4)/c). What is the units digit of (-1 - 3189/l) + (-8)/(-20)?
2
Suppose 2*r - 3*p = -1184, 11*r - 1184 = 13*r - 5*p. Let y = 344 - r. What is the units digit of y?
6
Let a(l) = -l**3 - 7*l**2 + 7*l + 9. Let m be a(-8). Suppose y - m*y = -6944. What is the units digit of y?
4
Let v(n) = n**2 - 4*n - 40. Suppose -4*s - 82 = -2*f, 3*f + 5*s - 90 = -0*f. Suppose 34*r - f*r - 12 = 0. What is the hundreds digit of v(r)?
1
Let s be (-4)/(-30) - (-476)/255. Suppose 4*z - 5968 = -s*r, 9502 = 5*z - 3*r + 2064. What is the tens digit of z?
9
Suppose 2*g - g - 272 = 0. Let v = g + 198. What is the tens digit of (-1*2)/((-20)/v)?
4
Suppose -2*d + c = 2*d - 5440, 0 = -5*c. Let x = -812 + d. What is the tens digit of x?
4
What is the hundreds digit of (-9 - -4) + (24648 - 8 - 0)?
6
Suppose -286*q + 287*q = 5. Suppose -q*o + 4*p = -4451, -o + 899 = -p - 2*p. What is the tens digit of o?
8
Let x = 7386 - -309. What is the thousands digit of x?
7
Let z(n) = -n**2 - 24*n - 39. Let b(k) = 3*k + 33. Let u be b(-11). Suppose 2*o + 4 + 28 = u. What is the tens digit of z(o)?
8
Let p be 6/(2 + (27/(-6))/9). Suppose -p*t + 1469 = 2*v + 325, -5*v = -5*t + 1400. What is the units digit of t?
4
Let o be 945/(-18)*28/(-10). Let p = o + 24. What is the hundreds digit of p?
1
Suppose 4*t + u - 14 = 0, -2*u + 16 = 4*t - 0*u. What is the tens digit of 1*(2202/24 - t/4)?
9
Let q(l) = 26*l - 7 - 12*l + 0*l + 14*l + 24*l. What is the hundreds digit of q(7)?
3
Suppose 76 = 4*a - 5*v, -5*v - 9 = 5*a - 59. Suppose -a*k + 11858 = -0*k. What is the tens digit of k?
4
What is the tens digit of 1*2/(-24) - (4254570/(-216) - 9)?
0
Let x(o) be the third derivative of -1/60*o**5 + 0*o**4 + 15*o**2 + 3/2*o**3 + 0 + 0*o + 1/40*o**6. What is the units digit of x(3)?
1
Let m(n) = 22*n**2 - 112*n + 610. What is the tens digit of m(48)?
2
Suppose 3*l = -6*u + u + 25, 2*u = -3*l + 19. Suppose b = -b - u*m + 14, 0 = b + 5*m + 9. Let n = b + 166. What is the hundreds digit of n?
1
Suppose 5*v - 12310 = -3*o, 16*v = 20*v - 3*o - 9821. What is the thousands digit of v?
2
Let s(f) = 5 + 20 - 2*f**2 - f - 21*f. Let h be s(-12). What is the tens digit of h + 2 + 22 + 1 - 1?
2
Suppose -r = 3*r + 396. Let x = -304 - r. Let z = x - -322. What is the units digit of z?
7
Suppose 0 = -2*t - 2*t + 8860. Suppose -5*k = 4*m - 0*k + 8785, 0 = -m + 5*k - t. What is the tens digit of ((-14)/(-10) + -1)/((-11)/m)?
8
Suppose 29*l - 28*l = 1, 0 = 2*n - 5*l + 17. What is the tens digit of ((-9350)/(-33) - -10) + (-4)/n?
9
Let w(n) = 2*n**2 + 13*n + 13*n + 43 - 9 - 7*n. What is the hundreds digit of w(16)?
8
Suppose -7*i - 49720 = -10*i - 4*l, 5*i - 2*l = 82832. What is the tens digit of i?
6
Let i(j) = -270*j**3 + 18*j**2 + 3*j + 3. What is the units digit of i(-4)?
9
Suppose -w = 123*v - 127*v + 261664, 4*v + 3*w - 261680 = 0. What is the units digit of v?
7
Let l(t) = 8*t**2 - 76*t - 534. What is the tens digit of l(60)?
0
Suppose 1805 - 11630 = -25*l. What is the hundreds digit of l?
3
Let m(i) = -3 + 4 - i**3 + i**2 - i**2 + i**2 + 5*i. Let x be m(-6). Let r = x + -95. What is the units digit of r?
8
Let d = 2213 + -2311. Let r = -109 + 52. Let t = r - d. What is the units digit of t?
1
What is the thousands digit of 6436 - ((-27)/(-3) + 6)?
6
Let q(h) = -4 - 2 - 2 + 18*h - 15*h. Let v be q(4). Suppose 1500 = 16*p - v*p. What is the hundreds digit of p?
1
Let c(f) = -f**2 - 5*f**2 - 10*f**3 - 15*f**2 + 96 + 0*f**3 + 18*f + 8*f**3. What is the units digit of c(-15)?
1
Let n(u) = 10504*u**2 - 1335*u - 2671. What is the ten thousands digit of n(-2)?
4
Let j = -317 + 319. Suppose -4*h - h + 2*o = -1868, 0 = -j*h + 4*o + 760. What is the tens digit of h?
7
Let d = -33 - -38. Suppose -5*o = -w - 3199, 0 = d*o - o + 4*w - 2564. Suppose -4*m = m - o. What is the units digit of m?
8
Let b(g) = 2*g**2 - 12*g - 73. Let i be b(15). Let f = -110 + i. What is the tens digit of f?
8
Suppose 0 = 22*f - 6*f - 400. Suppose -28*r + f*r = -1545. What is the hundreds digit of r?
5
What is the tens digit of (160282/12 - (1 + 1)) + (-13)/(-78)?
5
Let g(p) = -34*p**2 - 38*p**2 + 10 + 19*p + 105*p**2 - 28*p**2 - p**3. What is the units digit of g(-4)?
8
Let b(s) = 40*s**2 - 62*s + 827. What is the tens digit of b(17)?
3
Let x = 3 + 0. Let v(b) be the second derivative of b**5/5 - b**4/12 - b**3/3 + b**2 + 12*b. What is the units digit of v(x)?
5
Let q(v) = 2*v**2 - 19*v - 4. Let s be q(9). Let n be (s/2)/((-6)/(-120)). Let u = 156 + n. What is the units digit of u?
6
Suppose 15420 = b + 2*j, 5*b = 13*j - 19*j + 77072. What is the ten thousands digit of b?
1
Let f(a) = -3*a + 15 + a - 25*a - 53. Let k be f(-5). Suppose 2*v - k = 35. What is the units digit of v?
6
Let j = 970 + 10135. What is the ten thousands digit of j?
1
Let o = 87838 + -62416. What is the units digit of o?
2
Suppose -f - 3*q + 653 - 16 = 0, 0 = -4*f + q + 2535. What is the tens digit of f?
3
Suppose 70 = 43*z - 44*z. Suppose 0 = 21*i + 5*i + 5278. Let o = z - i. What is the units digit of o?
3
Suppose 53*a - 300957 = 209079 + 58548. What is the hundreds digit of a?
7
Let r(c) = c**2 - 139*c. What is the tens digit of r(-28)?
7
Suppose -20585 = -256*a + 41111. What is the hundreds digit of a?
2
Let s be (-1477558)/1110 - 4/(-30). Let i = 2901 + s. What is the tens digit of i?
7
Suppose -4*b = 16 - 24. Suppose -12*n = -11*n + b. What is the units digit of (-323 + -3)/(4/n)?
3
Suppose 2372 = 6*j - 10*j. Let p = j - -911. What is the units digit of p?
8
Suppose 4*h + u = 30185 - 7979, 4*h - u = 22202. What is the units digit of h?
1
Let v(l) = 2*l**2 + 20*l + 55. Let a be (20/3)/10*-18. What is the units digit of v(a)?
3
Let y = -6924 + 12010. What is the hundreds digit of y?
0
Let t(k) = -25 + 7*k**2 - 73*k - 6*k**2 + 0*k**2 + k**2 + 2*k**2. What is the units digit of t(-9)?
6
Let d = -566 - -966. Suppose 2*j - d - 522 = 0. What is the units digit of j?
1
Let w be -1*(3 + -5 + 1 + 2). What is the units digit of 397 + w - 1 - (-2)/(-2)?
4
Suppose -12*i + 10*i + 4 = 0. Sup